r when g is divided by p.
11
Let l(b) = b**3 - 14*b**2 + 49*b + 5. Suppose 3*p + 4*p - 126 = 0. Calculate the remainder when p is divided by l(7).
3
Suppose 20*h = 9*h + 4323. Calculate the remainder when h is divided by 12.
9
Let x(a) = 2*a**2 - 51*a - 9. What is the remainder when ((-300)/80)/(18/(-624)) is divided by x(26)?
11
Suppose 142 = -15*r + 1312. Suppose 4*t - 161 = -25. Suppose -f + 3*c + 9 = 0, 0*f - 2*c - t = -2*f. What is the remainder when r is divided by f?
15
Let y(n) = 47*n + 11*n + 43*n - 23. Calculate the remainder when y(2) is divided by 23.
18
Let y(r) = 4*r + 9. Let q be y(7). Let o = q - 35. Suppose 0*c = o*c - 86. Calculate the remainder when 83 is divided by c.
40
Let g(o) = -4*o**3 + 33*o**2 + 4*o - 15. Suppose -6*z + 5*z + 14 = 0. What is the remainder when g(2) is divided by z?
9
Suppose 5*a - 55 = -2*k, 4*k = 43*a - 41*a + 2. Calculate the remainder when 70 is divided by a.
7
Let v be 9280/(-8)*(-5)/10. Suppose 0 = 19*l - 180 - v. What is the remainder when 238 is divided by l?
38
Let w(j) = 147*j + 965. Calculate the remainder when w(14) is divided by 121.
119
Let a be 4*2/(-6)*(-1 + -2). Suppose 4*t - 3*h - 51 = 0, 9*t - h - 72 = a*t. Calculate the remainder when t + 2/(-4) + 3/2 is divided by 10.
6
Suppose 0 = 248*y - 251*y + 12. Let b = -8 + 11. Calculate the remainder when -4*(-2 + y + -3) is divided by b.
1
Let q = -941 - -944. Suppose 5*g - 3*a = 1007, q*g - 205 = 2*g - 3*a. Calculate the remainder when g is divided by 65.
7
Let s = 2696 + -2515. What is the remainder when s is divided by 80?
21
Let f(r) = 11*r**2 - 10*r + 572. What is the remainder when f(17) is divided by 56?
53
Suppose 10*v - 9*v - y = 12428, 0 = -5*v + y + 62140. Calculate the remainder when v is divided by 222.
218
Let k(j) = 10*j - 1. Let h be k(-3). Let d = h + 23. What is the remainder when -13 + 55 + d/2 is divided by 7?
3
Suppose 0 = 4*f + 4*j - 44, 10*j - 8*j = 6. What is the remainder when 4/f*(1284 - 2) is divided by 28?
25
Let t(l) = 3*l + 23. Let c be t(-5). Suppose 19*w - 44 = c*w. Suppose 3*v - 31 = -a, 3*a + w*v = -14 + 112. What is the remainder when 236 is divided by a?
32
Let y(k) = -2*k**2 + 75*k - 256. What is the remainder when 6257 is divided by y(8)?
209
Let f = -3590 - -3592. Calculate the remainder when 220 is divided by f.
0
Let m(d) = -5*d**2 - 137*d - 109. What is the remainder when 636 is divided by m(-20)?
5
What is the remainder when 1186/(-7)*14/3*141/(-188) is divided by 183?
44
Suppose 1653 - 23193 = -30*a. Calculate the remainder when a is divided by 36.
34
Let g = -5447 - -5901. Calculate the remainder when g is divided by 44.
14
Let g = 133 + -80. Suppose x - 5*a = -2*x - 133, x + 31 = -a. Let v = 47 + x. Calculate the remainder when g is divided by v.
9
Let u(v) = 29*v - 32. Let i(f) = -28*f + 32. Let n(a) = 3*i(a) + 2*u(a). Calculate the remainder when n(-11) is divided by 29.
28
Calculate the remainder when 6368 is divided by (-11 - (-420)/20) + 183.
192
Let w(l) = l**3 + 20*l**2 + 18*l - 13. Let t be w(-19). Let c(k) = -k - 5*k + 13 + t - 7*k. What is the remainder when c(-5) is divided by 22?
18
Let y = 358 - 289. Let k(q) be the first derivative of -7*q**2/2 - 2*q - 3. Calculate the remainder when y is divided by k(-2).
9
Suppose -2*k - 6 = 2*z + k, -4*z + 8 = k. Suppose z*u - 5*t + 209 = 4*u, 0 = -u - 4*t + 207. What is the remainder when u is divided by 29?
25
Let q = -53 - -57. Let g be (-5 + 1261)/q - 3. Suppose 2*k + 287 = 5*n - 0*k, -5*n - 4*k + g = 0. What is the remainder when n is divided by 30?
29
Let v = 429 - 99. Suppose 4*i - 116 = 5*t - v, -5*t - i + 209 = 0. Suppose -3*g + 76 = 5*w, 5*g - 4*w - 100 = w. What is the remainder when t is divided by g?
20
Suppose 5*l - 777 = 2*j, -2*l + 64 = 4*j - 242. Calculate the remainder when l is divided by 1*(-3)/(-2)*2.
2
Let t(k) = 68*k**2 + 1. Let q be t(-1). Let z = 33223 - 33203. Suppose 70*r - q*r = z. What is the remainder when 59 is divided by r?
19
Suppose 49*v - 37*v = -264. Let u(r) = -7*r + 103. Calculate the remainder when u(v) is divided by 43.
42
Let p(l) = 37*l + 3551. Let u = -8 - -38. What is the remainder when p(-92) is divided by u?
27
Suppose -372 = -r - 3*w, -2*r - r = 4*w - 1091. Let p = 451 - r. What is the remainder when p is divided by (1 + 3)*(-6)/(-1)?
22
Let a(z) = z**2 + 4*z - 4. Let k be a(-8). Calculate the remainder when 57 is divided by (k/(-6) - 2)/(2/(-3)).
7
Suppose 11*v - 19*v = -128. Suppose -4356 = -13*h + 4*h. Suppose -h = 8*t - 19*t. What is the remainder when t is divided by v?
12
Suppose 0 = -b + 31*b. Suppose 2*i = -x + 2 - 1, b = 5*i + x - 4. What is the remainder when 16 is divided by i?
0
Calculate the remainder when 6 - (12 + -1966 - (13 + -6)) is divided by 41.
40
Let m(t) = 651*t**2 + 101*t - 2. What is the remainder when m(-6) is divided by 17?
14
Suppose m = -13*h + 86, m = 4*h - 11 - 22. What is the remainder when 1861 is divided by h?
6
Let r = 222 + -213. What is the remainder when (-46)/(3/(3/(-2))) is divided by r?
5
Suppose 4*b - 8*b = -1720. Let l = -363 + b. Calculate the remainder when l is divided by 18.
13
Let f = 5280 + -4566. What is the remainder when f is divided by 177?
6
Let l(h) be the first derivative of 15*h**2/2 + 10*h + 30. Suppose -20 = -b - 3*r, -2*b + 3*b + 10 = 3*r. What is the remainder when l(b) is divided by 22?
19
Suppose -34*d + 4909 = -10935. Suppose 55 - 75 = -2*o. What is the remainder when d is divided by o?
6
Suppose -624 = 21*x - 27*x. Let r = -99 + x. Let o(g) = g**3 - 2*g**2 - g - 4. Calculate the remainder when r is divided by o(3).
1
Let w = 23428 + -23413. Calculate the remainder when 1 - ((-101)/1 + 1) is divided by w.
11
Let f = -307 - -316. What is the remainder when 80 is divided by -3 + (5 - 0)/5 + f?
3
Let h = 161 + -134. Let o = 515 - 418. What is the remainder when o is divided by h?
16
Let l(p) = 148*p**2 - 11*p + 12. Let r be l(1). Suppose k - 480 = -5*o, -444 = -3*o - 2*k - r. What is the remainder when o is divided by 25?
20
Suppose -3123 = -68*k + 1297. Calculate the remainder when 1752 is divided by k.
62
Suppose 6*t = 1028 + 898. Let o = t + -272. Calculate the remainder when o is divided by 13.
10
Let h be (12 - 169/13)/(1/(-11)). Suppose -h*u = -29*u + 1386. Calculate the remainder when 306 is divided by u.
75
Let a = -4120 + 4707. What is the remainder when a is divided by 49?
48
Let r = -12094 - -12136. Calculate the remainder when 11209 is divided by r.
37
Let j(u) = -2*u**3 + 19*u**2 - 7*u - 16. Let n(i) = -6*i**2 + 95*i + 23. What is the remainder when n(16) is divided by j(9)?
1
Let a(d) = 106*d**3 + d**2 - 6*d + 6. Let u be a(2). Let x = u - 837. Calculate the remainder when 35 is divided by x.
8
Suppose -4 = -q + 19. Let d = -32977 + 33066. What is the remainder when d is divided by q?
20
Suppose 7*h = -4*h + 4102 - 802. What is the remainder when 608 is divided by h?
8
Let d(a) be the second derivative of 7*a**4/6 - 5*a**3/6 + 9*a**2 + 93*a + 2. What is the remainder when d(2) is divided by 9?
1
Suppose -577 = -2*l - 115. Suppose k = -4*u - 2*k - l, -2*k = -2*u - 126. What is the remainder when 31 is divided by u/(-7) + (-8)/14?
7
Suppose -3*b = b - 12, -b = 4*z - 1071. Suppose 5*d - 7*f - z = -3*f, -195 = -4*d - 3*f. What is the remainder when d is divided by 12?
3
Let h(a) = -16*a**3 + 57*a**2 + 143*a + 3. What is the remainder when h(-3) is divided by 54?
33
Let b(h) = -h**2 - 26*h - 66. Let p be b(-22). Suppose -7 + p = w. What is the remainder when 50 is divided by 3/18*-2 - (-200)/w?
11
Suppose 11*i + 752 = 19*i. Suppose -11*g + 8*g - i = -m, m - 86 = -g. Calculate the remainder when 261 is divided by m.
85
Let c = -43 - -48. Suppose c*z + 11 = g - 6, -2*z - 39 = -5*g. What is the remainder when g is divided by 6?
1
Let q = -18 + 48. Calculate the remainder when -13*34/(-221)*(-419)/(-2) is divided by q.
29
Let c = 618471 + -618452. Let d = 135 + -67. What is the remainder when d is divided by c?
11
Let p(a) = 20*a + 325. Let n be p(-16). Suppose -66 = -o + n*l, 4*l - 345 + 105 = -4*o. What is the remainder when o is divided by 7?
5
Let j(o) = o**3 - 14*o**2 - 9*o + 19. Let q be j(15). Let c = -96 + q. What is the remainder when 89 is divided by c?
11
Let f(u) = -u**3 + 94*u**2 + 113*u - 1591. Let r = -19 - -31. C